d by 74?
68
What is the remainder when 121811 is divided by 144?
131
What is the remainder when 567656 is divided by 29838?
734
Calculate the remainder when 2501781 is divided by 56857.
73
What is the remainder when 108838 is divided by 1861?
900
What is the remainder when 2296338 is divided by 765445?
3
Calculate the remainder when 343064 is divided by 37576.
4880
What is the remainder when 59956294 is divided by 515?
509
Calculate the remainder when 3712785785 is divided by 477.
476
Calculate the remainder when 192884 is divided by 106.
70
Calculate the remainder when 4103915 is divided by 206.
189
What is the remainder when 21345 is divided by 1186?
1183
What is the remainder when 126003 is divided by 202?
157
Calculate the remainder when 25645 is divided by 1050.
445
What is the remainder when 22385179 is divided by 667?
659
Calculate the remainder when 228927610 is divided by 83.
81
Calculate the remainder when 19474 is divided by 4578.
1162
What is the remainder when 930951 is divided by 52?
47
What is the remainder when 1678167 is divided by 2171?
2155
Calculate the remainder when 125100 is divided by 40794.
2718
Calculate the remainder when 52475297 is divided by 1116495.
32
What is the remainder when 343588998 is divided by 1000?
998
Calculate the remainder when 3456645 is divided by 27.
24
What is the remainder when 1042258 is divided by 17?
5
What is the remainder when 11096840 is divided by 5548410?
20
What is the remainder when 2487 is divided by 1022?
443
Calculate the remainder when 5178630 is divided by 291.
285
Calculate the remainder when 60276 is divided by 18341.
5253
Calculate the remainder when 32649 is divided by 148.
89
Calculate the remainder when 397125 is divided by 11669.
379
Calculate the remainder when 1571590 is divided by 90.
10
What is the remainder when 8368111 is divided by 8367863?
248
What is the remainder when 1144727728 is divided by 435?
433
Calculate the remainder when 580815 is divided by 11864.
11343
Calculate the remainder when 211846 is divided by 2784.
262
What is the remainder when 2759244 is divided by 62?
58
Calculate the remainder when 2495629 is divided by 15405.
19
What is the remainder when 304663375 is divided by 2422?
2417
What is the remainder when 990409 is divided by 990372?
37
What is the remainder when 12849 is divided by 6374?
101
Calculate the remainder when 52914297 is divided by 26457147.
3
What is the remainder when 194527810 is divided by 64243?
6
Calculate the remainder when 489782 is divided by 714.
692
Calculate the remainder when 38649953 is divided by 14.
13
What is the remainder when 2862994 is divided by 1102?
1100
Calculate the remainder when 174826 is divided by 4093.
2920
What is the remainder when 362863 is divided by 120929?
76
Calculate the remainder when 9305639 is divided by 221562.
35
Calculate the remainder when 839823 is divided by 414276.
11271
Calculate the remainder when 13154 is divided by 8786.
4368
Calculate the remainder when 611189 is divided by 61099.
199
Calculate the remainder when 288998 is divided by 648.
638
What is the remainder when 862865 is divided by 730?
5
What is the remainder when 140619 is divided by 15605?
174
What is the remainder when 42832652 is divided by 1437?
1430
Calculate the remainder when 1528888113 is divided by 82.
81
Calculate the remainder when 46299 is divided by 937.
386
Calculate the remainder when 20713 is divided by 559.
30
Calculate the remainder when 187652 is divided by 93722.
208
What is the remainder when 569780 is divided by 1236?
1220
What is the remainder when 444506972 is divided by 36?
32
What is the remainder when 246633 is divided by 49319?
38
Calculate the remainder when 1075394 is divided by 28298.
70
Calculate the remainder when 255574 is divided by 224.
214
What is the remainder when 27444 is divided by 472?
68
What is the remainder when 906664 is divided by 47719?
3
What is the remainder when 123327 is divided by 30552?
1119
What is the remainder when 393723 is divided by 948?
303
What is the remainder when 158912947 is divided by 1929?
1927
What is the remainder when 159906230 is divided by 440513?
11
What is the remainder when 1597418 is divided by 481?
17
What is the remainder when 60508832 is divided by 47?
45
Calculate the remainder when 5204 is divided by 3911.
1293
What is the remainder when 2563824 is divided by 1281910?
4
Calculate the remainder when 1941903 is divided by 970748.
407
What is the remainder when 19741929 is divided by 2233?
2209
What is the remainder when 241044 is divided by 237335?
3709
Calculate the remainder when 249801 is divided by 83143.
372
Calculate the remainder when 126590786 is divided by 2487.
2486
What is the remainder when 1137635 is divided by 71101?
19
Calculate the remainder when 32106 is divided by 1965.
666
Calculate the remainder when 20149 is divided by 5611.
3316
What is the remainder when 4559188 is divided by 13?
10
Calculate the remainder when 73379368 is divided by 2293105.
8
What is the remainder when 21598614 is divided by 10624?
22
What is the remainder when 8694812 is divided by 329?
0
What is the remainder when 4046035 is divided by 6412?
63
What is the remainder when 2663420 is divided by 317?
303
What is the remainder when 315576573 is divided by 21?
18
What is the remainder when 63747 is divided by 478?
173
What is the remainder when 13326309 is divided by 443?
426
What is the remainder when 226054812 is divided by 7549?
7
Calculate the remainder when 609870 is divided by 715.
690
Calculate the remainder when 182135 is divided by 57.
20
Calculate the remainder when 646729 is divided by 9792.
457
Calculate the remainder when 8625139 is divided by 44.
39
What is the remainder when 386088 is divided by 71?
61
Calculate the remainder when 160413916 is divided by 12.
4
Calculate the remainder when 154396 is divided by 998.
704
Calculate the remainder when 639031594 is divided by 355.
354
Calculate the remainder when 341353 is divided by 17948.
341
What is the remainder when 974682 is divided by 1507?
1160
Calculate the remainder when 241897 is divided by 120710.
477
Calculate the remainder when 19796686 is divided by 37142.
0
What is the remainder when 3615329 is divided by 36?
29
What is the remainder when 6104803 is divided by 2918?
347
What is the remainder when 182293411 is divided by 26041914?
13
What is the remainder when 29881 is divided by 3646?
713
What is the remainder when 3288128 is divided by 2820?
8
What is the remainder when 93320 is divided by 14600?
5720
What is the remainder when 396083 is divided by 102?
17
What is the remainder when 6616261 is divided by 8?
5
What is the remainder when 10878977 is divided by 1306?
1303
What is the remainder when 57722 is divided by 3869?
3556
What is the remainder when 2573722 is divided by 22380?
22
Calculate the remainder when 146308 is divided by 234.
58
What is the remainder when 183600 is divided by 497?
207
What is the remainder when 363717 is divided by 5683?
5
What is the remainder when 21093 is divided by 10034?
1025
What is the remainder when 120620 is divided by 20018?
512
Calculate the remainder when 500171 is divided by 2908.
2903
Calculate the remainder when 1821700 is divided by 7286.
200
What is the remainder when 169535 is divided by 42278?
423
What is the remainder when 149216 is divided by 12098?
4040
What is the remainder when 27680982 is divided by 1395?
1392
Calculate the remainder when 85270 is divided by 21308.
38
Calculate the remainder when 516023 is divided by 5160.
23
What is the remainder when 40494 is divided by 2136?
2046
What is the remainder when 567248 is divided by 14922?
212
Calculate the remainder when 1244096671 is divided by 364.
363
Calculate the remainder when 104652895 is divided by 104652890.
5
What is the remainder when 1613204 is divided by 53773?
14
What is the remainder when 21652396 is divided by 1232?
1228
Calculate the remainder when 17585749 is divided by 5861651.
796
What is the remainder when 315277 is divided by 7316?
689
Calculate the remainder when 185722 is divided by 46398.
130
What is the remainder when 4491 is divided by 4474?
17
Calculate the remainder when 9045 is divided by 1741.
340
What is the remainder when 1672256 is divided 